 q - 11049. What is the greatest common divisor of 170 and z?
85
Suppose d - 5*a - 210 - 93 = 0, 5*d = 5*a + 1595. What is the greatest common factor of d and 19?
19
Let n be (-370)/(-185) + (1 - (1 + -2)). Calculate the highest common divisor of n and 17.
1
Suppose 0 = 52*n - 57*n + 20, 570 = 5*j + 5*n. Calculate the highest common divisor of 26730 and j.
110
Let k(c) = 109*c - 1063. Let z be k(10). Suppose 0 = -2*g + 6*g - 8. Calculate the highest common divisor of g and z.
1
Suppose -85*x = 425*x - 957780. Calculate the highest common divisor of 12 and x.
6
Let z be 441/(-11*36/(-1716)). Calculate the greatest common factor of 1764 and z.
147
Suppose -5*s = -10, -571 = -r + 46*s - 41*s. What is the greatest common divisor of r and 21?
7
Let g = -131 - -142. Let i = 21 - g. What is the greatest common factor of 30 and i?
10
Let r = 6 + -4. Let c = -242 - -242. Suppose 3*g - r*g - 251 = -5*n, -2*n - g + 98 = c. What is the highest common divisor of 34 and n?
17
Let l be (-2)/(-5) + 1978/5. Let p(f) = -f**2 + 515*f - 4455. Let b be p(9). What is the greatest common factor of b and l?
99
Suppose 88 = 345*n - 334*n. Calculate the highest common divisor of n and 8.
8
Let m be 106 + (-11)/(55/(-20)). Suppose -5*t + 4 + 6 = 0. Suppose 0 = t*b - 46 - m. What is the highest common divisor of 6 and b?
6
Let r = 20247 + -20166. Let s be (-15)/(-6)*(-16)/(-10). Suppose -z + 90 = s*u - 18, -5*u = -3*z - 135. Calculate the greatest common divisor of u and r.
27
Let f(n) = 7*n + 156. Suppose -3*l - 388 = -343. Let x be f(l). Calculate the highest common factor of x and 1173.
51
Suppose -2*t + 8 = 0, -70 = -5*z - t + 94. Suppose -8*s + 5*s = -4*s. Suppose s = 2*w + 2*w - z. Calculate the highest common factor of 8 and w.
8
Suppose 213 = 4*n - 907. Let q be (2/(-1))/12 - n/48. Let m be ((-80)/q)/((-6)/(-36)). Calculate the greatest common factor of 16 and m.
16
Suppose 0 = -7*j + 375 + 17. Suppose 2*v + 0*v = 8, v = 5*l - j. Calculate the greatest common divisor of 24 and l.
12
Suppose 229*k + 4*t - 10816 = 226*k, -5*k + 2*t = -18044. Calculate the highest common divisor of k and 176.
88
Let g(c) = -126 - 5*c + 37 + 344. Let t be g(48). Calculate the greatest common factor of 15 and t.
15
Let c be ((-45)/12)/(85/(-136)). Let a(s) = 5*s + 24. Let v be a(0). What is the highest common divisor of c and v?
6
Let v be 2 + (1/(-1) - -79). Suppose -1242*j = -720*j - 253311 + 65391. What is the greatest common divisor of j and v?
40
Let j = -14184 + 14220. What is the highest common divisor of 9225 and j?
9
Let y be -3*(-147)/(-6)*(5 - 7). Let m = 1256 - 1011. Calculate the highest common divisor of y and m.
49
Let m be (-9)/(-2)*(1 - -1). Let i(g) = 17*g - 6. Let w be i(3). Suppose 2*v - 3*v + w = 0. Calculate the highest common factor of m and v.
9
Let k = -4140 + 4332. Let c = -11 + -28. Let v = c - -63. What is the greatest common divisor of v and k?
24
Let b be 949/52 - 1/4. Suppose -648 = 14*w - b*w. Suppose 216 = 38*y - 26*y. Calculate the greatest common factor of y and w.
18
Let c(k) = -13*k + 5. Let s be c(-14). Let j = -17 + s. Calculate the greatest common divisor of j and 102.
34
Let m be 8/(2/(12/2)). Let c = 1721 - 1457. What is the greatest common factor of m and c?
24
Let p be ((-317)/634)/(2/(-352)). What is the highest common factor of 473 and p?
11
Let w(o) = -3*o - 297. Let j be w(-113). What is the greatest common factor of j and 84?
42
Let q be 1540/132 + 5/(-3). Let h(l) = l**2 + 5*l + 4. Let i be h(-4). Suppose -18*z + 14*z + 360 = i. Calculate the greatest common factor of z and q.
10
Suppose -1111 = -y - 7*a + 3*a, -3333 = -3*y - 2*a. What is the highest common divisor of 11 and y?
11
Suppose 2*n = 3*h - 10, -14 = 38*h - 39*h - 2*n. What is the highest common divisor of 5982 and h?
6
Let s be (-1)/(1 + 7*5/(-40)). Let q be (s + 316)/4 + -8. Calculate the highest common factor of q and 161.
23
Suppose 135*x - 468 = 126*x. Suppose -50*k - 208 = -x*k. Calculate the greatest common factor of 8 and k.
8
Suppose 0 = -4*k + 4*l + 148, 25*k - 70 = 23*k - 2*l. What is the highest common factor of 702 and k?
18
Let s be 12/15 - (-1 + 6/(-5)). Suppose -s*z = -3*q - 6, 4*z + 4*q = 2*q + 26. Calculate the greatest common factor of 41 and z.
1
Let i be (-282803)/(-1454) - 2/(-4). Calculate the greatest common divisor of 480 and i.
15
Let v(a) = -9*a + 106. Let t be v(11). Suppose -10 = 2*c, 2*h + 4*c + 19 = t. Suppose -9 + 37 = k. What is the highest common factor of k and h?
4
Let c(n) = -13*n + 9. Let f be c(8). Let g = f - -161. Suppose -4*p = z, 5*p + 2 + g = 3*z. What is the highest common divisor of z and 176?
16
Let z be ((-1)/((-10)/8))/(16/40). Let o be ((-4)/6)/(-3*4/54). Suppose -z*s + 3*y - 33 = -4*s, o*s - 22 = y. What is the greatest common factor of 9 and s?
9
Suppose 3*b + 5*r - 1054 = 0, 324 - 1376 = -3*b - 4*r. Let k(n) = -n**3 + 33*n**2 - 28*n - 70. Let z be k(32). What is the highest common factor of b and z?
58
Let p = -13579 + 13598. Calculate the highest common factor of p and 6707.
19
Let z be 950016/1280 - (-6)/(-5). What is the highest common divisor of z and 1311?
57
Suppose 3*z + 3*i - 2067 = 0, 2*z + 2*z = -2*i + 2758. Suppose 1395 = 33*c - 2*c + 465. What is the highest common factor of c and z?
30
Let m = -20682 + 23142. What is the greatest common divisor of m and 240?
60
Suppose 27 = 3*z - 3*r - 129, -r - 3*r = 0. What is the highest common factor of z and 80?
4
Let k(g) = -27*g**2 + 496*g - 36. Let v be k(18). Calculate the greatest common divisor of v and 880.
16
Suppose 0 = -5*x + 6*x - 51. Suppose 0 = m + 5*y - 27, 5*m - x = m - y. Let g(s) = 4*s + 88. Let u be g(11). What is the highest common divisor of u and m?
12
Let x be (-136)/20*(-15)/(12/4). Suppose 0 = x*b + 5*b - 17160. Calculate the highest common factor of b and 24.
8
Suppose x = -0*x + 8. Suppose 0 = 3*k - x*k + 4*w + 255, 5*k - 255 = -5*w. Let c be (-25)/(-10)*24/10 + 165/15. Calculate the highest common divisor of c and k.
17
Let q = 666 - -1657. What is the greatest common factor of 23 and q?
23
Let z(k) = -k**3 - 14*k**2 + 15*k + 34. Let o be ((-30)/18)/((-5)/(-45)). Let u be z(o). Calculate the highest common factor of 170 and u.
34
Let o(f) = 5*f + 2. Let q be o(-2). Let l = q - -79. Suppose 3*r - 51 = 3*g, -g = 3*r - 0*g - l. Calculate the greatest common factor of 55 and r.
11
Suppose 2*v = 4*f + 116, -2*f + 166 = v + 2*v. Suppose 0 = 10*w - 14*w + 396. Suppose 169 - w = 10*a. What is the highest common divisor of v and a?
7
Let a(g) = 22*g + 1096. Let f be a(14). What is the highest common divisor of f and 9?
9
Let k(q) = 384*q - 4218. Let g be k(11). What is the highest common divisor of g and 1218?
6
Let g be 17297/1 - (-6 - (0 - (3 - -2))). What is the highest common divisor of 18 and g?
18
Let u = -2427 - -5804. What is the highest common factor of u and 22?
11
Let o(d) = 65*d**2 - 334*d - 664. Let i be o(-2). Calculate the greatest common factor of i and 11.
11
Let d be -102355*9/(-180) - (-3)/12. What is the greatest common factor of 6 and d?
6
Let f be (-18)/(-117) + (8200/104 - 9). Let i(n) = -2*n**3 - 3*n**2 + 1. Let c be i(-3). Calculate the highest common divisor of f and c.
14
Let p be 11/((-3)/(-108)*9) - 9. What is the greatest common factor of p and 5?
5
Suppose 76*k - 51*k - 225 = -20*k. Calculate the greatest common divisor of 3865 and k.
5
Let s be (-140)/(3 + 1)*120/(-50). What is the highest common divisor of 2982 and s?
42
Let t(m) = -57*m - 15. Let h be t(-5). Let u(j) = -j**3 - 2*j**2 + 7*j + 6. Let l be u(-4). Calculate the highest common divisor of l and h.
10
Suppose 0 = -19*l - 10735 + 950. Let r = l + 648. Calculate the highest common divisor of r and 19.
19
Let m = 8071 - 2375. What is the highest common factor of m and 40?
8
Let c(v) = 1974*v - 892. Let y be c(5). What is the highest common divisor of y and 201?
67
Let w = -549 + 578. Suppose -5*o + 509 = -4*f, -w = -4*o - f + 395. What is the greatest common divisor of o and 70?
35
Let s = -4206 + 4224. What is the highest common divisor of 606 and s?
6
Let h(p) = 2*p**2 + 1 - 2 + 7*p**2 + 80*p**2. Let d be h(-1). Suppose 2*z - 44 = u, z + d = 5*z - 3*u. What is the greatest common divisor of 176 and z?
22
Suppose -28*u + 26*u + 2*i + 542 = 0, 2*u - 3*i = 537.